{"id":729,"date":"2022-05-18T17:08:21","date_gmt":"2022-05-18T17:08:21","guid":{"rendered":"https:\/\/skif-slo.org\/new\/?page_id=729"},"modified":"2022-05-18T17:08:22","modified_gmt":"2022-05-18T17:08:22","slug":"povezave","status":"publish","type":"page","link":"https:\/\/skif-slo.org\/new\/povezave\/","title":{"rendered":"Povezave"},"content":{"rendered":"<p>[et_pb_section fb_built=&#8221;1&#8243; theme_builder_area=&#8221;post_content&#8221; _builder_version=&#8221;4.17.3&#8243; _module_preset=&#8221;default&#8221;][et_pb_row _builder_version=&#8221;4.17.3&#8243; _module_preset=&#8221;default&#8221; theme_builder_area=&#8221;post_content&#8221;][et_pb_column _builder_version=&#8221;4.17.3&#8243; _module_preset=&#8221;default&#8221; type=&#8221;4_4&#8243; theme_builder_area=&#8221;post_content&#8221;][et_pb_text _builder_version=&#8221;4.17.3&#8243; _module_preset=&#8221;default&#8221; theme_builder_area=&#8221;post_content&#8221; hover_enabled=&#8221;0&#8243; sticky_enabled=&#8221;0&#8243;]<\/p>\n<div class=\"vc_row wpb_row vc_row-fluid\">\n<div class=\"wpb_column vc_column_container vc_col-sm-12\">\n<div class=\"vc_column-inner\">\n<div class=\"wpb_wrapper\">\n<div class=\"vc_separator wpb_content_element vc_separator_align_center vc_sep_width_100 vc_sep_dotted vc_sep_pos_align_center vc_sep_color_sky vc_separator-has-text\"><\/div>\n<\/div>\n<\/div>\n<\/div>\n<\/div>\n<div class=\"vc_row wpb_row vc_row-fluid\">\n<div class=\"wpb_column vc_column_container vc_col-sm-12\">\n<div class=\"vc_column-inner\">\n<div class=\"wpb_wrapper\">\n<div class=\"wpb_text_column wpb_content_element \">\n<div class=\"wpb_wrapper\">\n<h4>POVEZAVE<\/h4>\n<p><a href=\"https:\/\/www.facebook.com\/skifslovenia\">S.K.I.F. Slovenija na Facebooku<\/a><br \/><a href=\"http:\/\/zzbss-martialarts.si\/\">Zdru\u017eenje zvez borilnih \u0161portov Slovenije<\/a><\/p>\n<h4>SVETOVNA IN EVROPSKA SHOTOKAN KARATE-DO ZVEZA<\/h4>\n<p><a href=\"http:\/\/www.skifworld.com\/\">S.K.I.F. WORLD \u2013 Svetovna S.K.I.F. zveza<\/a><br \/><a href=\"http:\/\/www.skifeu.com\/\">S.K.I.F. EUROPE \u2013 Evropska S.K.I.F. zveza<\/a><br \/><a href=\"http:\/\/www.skif-yudansha-kai.com\/\">Yudansha-kai \u2013 Zveza mojstrov (nosilcev \u010drnih pasov) S.K.I.F.<\/a><\/p>\n<h4>KLUBI V SLOVENIJI IN NJIHOVE SPLETNE STRANI<\/h4>\n<p><a href=\"http:\/\/www.honbu-dojo.com\/\">S.K.I. DOJO SLOVENIJA \u2013 Honbu Dojo, Maribor<\/a><br \/><a href=\"http:\/\/www.ski-sdruse.com\/\">Shotokan Karate-Do Klub \u0160.D. RU\u0160E<\/a><br \/><a href=\"http:\/\/www.karatedomzale.com\/\">Karate dru\u0161tvo ATOM Shotokan Dom\u017eale<\/a><br \/><a href=\"http:\/\/www.karatetromejnik.com\/\">Karate klub TROMEJNIK Kuzma<\/a><\/p>\n<p><em>Predstavitve ostalih klubov, ki \u0161e nimajo svojih spletnih strani, lahko najdete v rubriki KLUBI.<\/em><\/p>\n<h4>S.K.I. ZVEZE EVROPSKIH DR\u017dAV<\/h4>\n<p><a class=\"link\" href=\"http:\/\/www.karate.at\/\" target=\"_blank\" rel=\"noopener\">S.K.I.F. Austria \u2013 Avstrijska Shotokan Karate-Do zveza<\/a><br \/><a class=\"link\" href=\"http:\/\/www.skibf.be\/\" target=\"_blank\" rel=\"noopener\">S.K.I.F. Belgium \u2013 Belgijska Shotokan Karate-Do zveza<\/a><br \/><a class=\"link\" href=\"http:\/\/www.skif.dk\/\" target=\"_blank\" rel=\"noopener\">S.K.I.F. Danmark \u2013 Danska Shotokan Karate-Do zveza<\/a><br \/><a class=\"link\" href=\"http:\/\/www.skid.de\/\" target=\"_blank\" rel=\"noopener\">S.K.I. Deutschland \u2013 Nem\u0161ka Shotokan Karate-Do zveza<\/a><br \/><a class=\"link\" href=\"http:\/\/www.skifespana.com\/\" target=\"_blank\" rel=\"noopener\">S.K.I.F. Espa\u00f1a \u2013 \u0160panska Shotokan Karate-Do zveza<\/a><br \/><a class=\"link\" href=\"http:\/\/www.skief.com\/\" target=\"_blank\" rel=\"noopener\">S.K.I. of Great Britain \u2013 Shotokan Karate-Do zveza Velike Britanije<\/a><br \/><a class=\"link\" href=\"http:\/\/www.skif.gr\/\" target=\"_blank\" rel=\"noopener\">S.K.I.F. Hellas \u2013 Gr\u0161ka Shotokan Karate-Do zveza<\/a><br \/><a class=\"link\" href=\"http:\/\/www.ski-holland.nl\/\" target=\"_blank\" rel=\"noopener\">S.K.I. Holland \u2013 Nizozemska Shotokan Karate-Do zveza<\/a><br \/><a class=\"link\" href=\"http:\/\/www.skih.hu\/\" target=\"_blank\" rel=\"noopener\">S.K.I. Hungary \u2013 Mad\u017earska Shotokan Karate-Do zveza<\/a><br \/><a class=\"link\" href=\"http:\/\/www.ski-ireland.com\/\" target=\"_blank\" rel=\"noopener\">S.K.I.F. Ireland \u2013 Irska Shotokan Karate-Do zveza<\/a><br \/><a class=\"link\" href=\"http:\/\/www.ski-i.it\/\" target=\"_blank\" rel=\"noopener\">S.K.I. Italia \u2013 Italijanska Shotokan Karate-Do zveza<\/a><br \/><a class=\"link\" href=\"http:\/\/www.karate.braila.net\/index.html\" target=\"_blank\" rel=\"noopener\">S.K.I.F. Romania \u2013 Romunska Shotokan Karate-Do zveza<\/a><br \/><a class=\"link\" href=\"http:\/\/www.shotokan-karate.ch\/\" target=\"_blank\" rel=\"noopener\">S.K.I.S.F. \u2013 \u0160vicarska Shotokan Karate-Do zveza<\/a><\/p>\n<h4>OSTALE S.K.I. ZVEZE (IZVEN EVROPE)<\/h4>\n<p><a class=\"link\" href=\"http:\/\/www.karateskifargentina.com.ar\/\" target=\"_blank\" rel=\"noopener\">Asociaci\u00f3n Argentina S.K.I. \u2013 Argentinska Shotokan Karate-Do zveza<\/a><br \/><a class=\"link\" href=\"http:\/\/www.shotokankarate.com.au\/\" target=\"_blank\" rel=\"noopener\">S.K.I. Australia \u2013 Avstralska Shotokan Karate-Do zveza<\/a><br \/><a class=\"link\" href=\"http:\/\/www.ski-karate.com\/\" target=\"_blank\" rel=\"noopener\">S.K.I. South Africa \u2013 Ju\u017enoafri\u0161ka Shotokan Karate-Do zveza<\/a><br \/><a class=\"link\" href=\"http:\/\/www.ski-usf.com\/\" target=\"_blank\" rel=\"noopener\">S.K.I. United States Federation \u2013 Shotokan Karate-Do zveza ZDA<\/a><\/p>\n<\/div>\n<\/div>\n<\/div>\n<\/div>\n<\/div>\n<\/div>\n<div class=\"vc_row wpb_row vc_row-fluid\">\n<div class=\"wpb_column vc_column_container vc_col-sm-12\">\n<div class=\"vc_column-inner\">\n<div class=\"wpb_wrapper\">\n<div class=\"wpb_text_column wpb_content_element \">\n<div class=\"wpb_wrapper\"><\/div>\n<\/div>\n<\/div>\n<\/div>\n<\/div>\n<\/div>\n<p>[\/et_pb_text][\/et_pb_column][\/et_pb_row][\/et_pb_section]<\/p>\n","protected":false},"excerpt":{"rendered":"<p>POVEZAVE S.K.I.F. Slovenija na FacebookuZdru\u017eenje zvez borilnih \u0161portov Slovenije SVETOVNA IN EVROPSKA SHOTOKAN KARATE-DO ZVEZA S.K.I.F. WORLD \u2013 Svetovna S.K.I.F. zvezaS.K.I.F. EUROPE \u2013 Evropska S.K.I.F. zvezaYudansha-kai \u2013 Zveza mojstrov (nosilcev \u010drnih pasov) S.K.I.F. KLUBI V SLOVENIJI IN NJIHOVE SPLETNE STRANI S.K.I. DOJO SLOVENIJA \u2013 Honbu Dojo, MariborShotokan Karate-Do Klub \u0160.D. RU\u0160EKarate dru\u0161tvo ATOM Shotokan Dom\u017ealeKarate [&hellip;]<\/p>\n","protected":false},"author":1,"featured_media":0,"parent":0,"menu_order":0,"comment_status":"closed","ping_status":"closed","template":"","meta":{"_et_pb_use_builder":"on","_et_pb_old_content":"","_et_gb_content_width":"","footnotes":""},"class_list":["post-729","page","type-page","status-publish","hentry"],"_links":{"self":[{"href":"https:\/\/skif-slo.org\/new\/wp-json\/wp\/v2\/pages\/729","targetHints":{"allow":["GET"]}}],"collection":[{"href":"https:\/\/skif-slo.org\/new\/wp-json\/wp\/v2\/pages"}],"about":[{"href":"https:\/\/skif-slo.org\/new\/wp-json\/wp\/v2\/types\/page"}],"author":[{"embeddable":true,"href":"https:\/\/skif-slo.org\/new\/wp-json\/wp\/v2\/users\/1"}],"replies":[{"embeddable":true,"href":"https:\/\/skif-slo.org\/new\/wp-json\/wp\/v2\/comments?post=729"}],"version-history":[{"count":2,"href":"https:\/\/skif-slo.org\/new\/wp-json\/wp\/v2\/pages\/729\/revisions"}],"predecessor-version":[{"id":731,"href":"https:\/\/skif-slo.org\/new\/wp-json\/wp\/v2\/pages\/729\/revisions\/731"}],"wp:attachment":[{"href":"https:\/\/skif-slo.org\/new\/wp-json\/wp\/v2\/media?parent=729"}],"curies":[{"name":"wp","href":"https:\/\/api.w.org\/{rel}","templated":true}]}}